{"id":1813,"date":"2023-09-09T11:41:33","date_gmt":"2023-09-09T10:41:33","guid":{"rendered":"http:\/\/www.bkberoun.cz.uvirt131.active24.cz\/?page_id=1813"},"modified":"2023-09-09T11:41:35","modified_gmt":"2023-09-09T10:41:35","slug":"urazove-pojisteni-hracu","status":"publish","type":"page","link":"https:\/\/www.bkberoun.cz\/?page_id=1813","title":{"rendered":"\u00darazov\u00e9 poji\u0161t\u011bn\u00ed hr\u00e1\u010d\u016f\u00a0"},"content":{"rendered":"\n<p class=\"has-text-align-center has-medium-font-size\"><strong>\u00darazov\u00e9 poji\u0161t\u011bn\u00ed\u00a0\u2013 informace pro \u010dleny \u010cUS<\/strong><\/p>\n\n\n\n<h3 class=\"wp-block-heading has-text-align-center\">POJISTN\u00c9 UD\u00c1LOSTI (\u00daRAZY)&nbsp;VY\u0158IZUJE POJI\u0160\u0164OVNA VZP, a. s.<\/h3>\n\n\n\n<p>\u010cesk\u00fd olympijsk\u00fd v\u00fdbor uzav\u0159el od 1. 2. 2019 pro cel\u00e9 sportovn\u00ed prost\u0159ed\u00ed \u010cR&nbsp;\u00farazovou pojistku s Poji\u0161\u0165ovnou&nbsp;<strong>VZP, a.s.<\/strong><\/p>\n\n\n\n<p>V\u0161echny subjekty sdru\u017een\u00e9 v \u010cesk\u00e9 unii sportu,&nbsp;tedy&nbsp;n\u00e1rodn\u00ed&nbsp;sportovn\u00ed svazy, sportovn\u00ed&nbsp;kluby&nbsp;a t\u011blov\u00fdchovn\u00e9&nbsp;jednoty, krajsk\u00e9 organizace \u010cUS&nbsp;jsou poji\u0161t\u011bny \u00farazov\u00fdm poji\u0161t\u011bn\u00edm prost\u0159ednictv\u00edm t\u00e9to poji\u0161\u0165ovny.<\/p>\n\n\n\n<p><strong>V\u00edce informac\u00ed k poji\u0161t\u011bn\u00ed v\u010detn\u011b p\u0159\u00edslu\u0161n\u00e9 smlouvy a formul\u00e1\u0159\u016f naleznete&nbsp;<a href=\"https:\/\/www.cuscz.cz\/sluzby-servis\/urazove-pojisteni-clenu.html\" target=\"_blank\" rel=\"noreferrer noopener\">ZDE<\/a><\/strong><\/p>\n\n\n\n<p>V\u00fdbor BK Beroun<\/p>\n","protected":false},"excerpt":{"rendered":"<p>\u00darazov\u00e9 poji\u0161t\u011bn\u00ed\u00a0\u2013 informace pro \u010dleny \u010cUS POJISTN\u00c9 UD\u00c1LOSTI (\u00daRAZY)&nbsp;VY\u0158IZUJE POJI\u0160\u0164OVNA VZP, a. s. \u010cesk\u00fd olympijsk\u00fd v\u00fdbor uzav\u0159el od 1. 2. 2019 pro cel\u00e9 sportovn\u00ed prost\u0159ed\u00ed \u010cR&nbsp;\u00farazovou pojistku s Poji\u0161\u0165ovnou&nbsp;VZP, a.s. V\u0161echny subjekty sdru\u017een\u00e9 v \u010cesk\u00e9 unii sportu,&nbsp;tedy&nbsp;n\u00e1rodn\u00ed&nbsp;sportovn\u00ed svazy, sportovn\u00ed&nbsp;kluby&nbsp;a t\u011blov\u00fdchovn\u00e9&nbsp;jednoty, krajsk\u00e9 organizace \u010cUS&nbsp;jsou poji\u0161t\u011bny \u00farazov\u00fdm poji\u0161t\u011bn\u00edm prost\u0159ednictv\u00edm t\u00e9to poji\u0161\u0165ovny. V\u00edce informac\u00ed k poji\u0161t\u011bn\u00ed v\u010detn\u011b p\u0159\u00edslu\u0161n\u00e9 [&hellip;]<\/p>\n","protected":false},"author":1,"featured_media":0,"parent":0,"menu_order":0,"comment_status":"closed","ping_status":"closed","template":"","meta":{"_et_pb_use_builder":"off","_et_pb_old_content":"","_et_gb_content_width":"","om_disable_all_campaigns":false,"_monsterinsights_skip_tracking":false,"_monsterinsights_sitenote_active":false,"_monsterinsights_sitenote_note":"","_monsterinsights_sitenote_category":0,"_uf_show_specific_survey":0,"_uf_disable_surveys":false,"footnotes":""},"class_list":["post-1813","page","type-page","status-publish","hentry"],"aioseo_notices":[],"_links":{"self":[{"href":"https:\/\/www.bkberoun.cz\/index.php?rest_route=\/wp\/v2\/pages\/1813","targetHints":{"allow":["GET"]}}],"collection":[{"href":"https:\/\/www.bkberoun.cz\/index.php?rest_route=\/wp\/v2\/pages"}],"about":[{"href":"https:\/\/www.bkberoun.cz\/index.php?rest_route=\/wp\/v2\/types\/page"}],"author":[{"embeddable":true,"href":"https:\/\/www.bkberoun.cz\/index.php?rest_route=\/wp\/v2\/users\/1"}],"replies":[{"embeddable":true,"href":"https:\/\/www.bkberoun.cz\/index.php?rest_route=%2Fwp%2Fv2%2Fcomments&post=1813"}],"version-history":[{"count":1,"href":"https:\/\/www.bkberoun.cz\/index.php?rest_route=\/wp\/v2\/pages\/1813\/revisions"}],"predecessor-version":[{"id":1814,"href":"https:\/\/www.bkberoun.cz\/index.php?rest_route=\/wp\/v2\/pages\/1813\/revisions\/1814"}],"wp:attachment":[{"href":"https:\/\/www.bkberoun.cz\/index.php?rest_route=%2Fwp%2Fv2%2Fmedia&parent=1813"}],"curies":[{"name":"wp","href":"https:\/\/api.w.org\/{rel}","templated":true}]}}